
2, 11, 1314239
List the prime factors of 145304.
2, 41, 443
What are the prime factors of 696370?
2, 5, 83, 839
What are the prime factors of 2536305?
3, 5, 353, 479
List the prime factors of 174587.
7, 509
List the prime factors of 10659398.
2, 5329699
List the prime factors of 5121734.
2, 283, 9049
What are the prime factors of 124021?
124021
List the prime factors of 4050203.
1259, 3217
What are the prime factors of 231265?
5, 23, 2011
List the prime factors of 3075228.
2, 3, 13, 6571
List the prime factors of 1218063.
3, 7, 11, 5273
List the prime factors of 175366.
2, 87683
List the prime factors of 3329020.
2, 5, 23, 7237
What are the prime factors of 81992?
2, 37, 277
List the prime factors of 118871.
29, 4099
What are the prime factors of 31773397?
193, 853
List the prime factors of 1382298.
2, 3, 230383
What are the prime factors of 298848?
2, 3, 11, 283
List the prime factors of 18060077.
7, 59, 6247
List the prime factors of 4049997.
3, 7, 27551
List the prime factors of 8910227.
17, 131, 4001
List the prime factors of 3347845.
5, 31, 21599
What are the prime factors of 142918?
2, 19, 3761
What are the prime factors of 34267487?
151, 226937
What are the prime factors of 221180?
2, 5, 11059
What are the prime factors of 128961?
3, 7, 23, 89
What are the prime factors of 10279232?
2, 61, 2633
List the prime factors of 171906.
2, 3, 7, 4093
What are the prime factors of 881839?
7, 263, 479
What are the prime factors of 7651516?
2, 1912879
List the prime factors of 9220620.
2, 3, 5, 239, 643
List the prime factors of 146564.
2, 11, 3331
List the prime factors of 14509886.
2, 199, 36457
What are the prime factors of 2580815?
5, 516163
What are the prime factors of 474631?
521, 911
List the prime factors of 318606.
2, 3, 53101
List the prime factors of 64923.
3, 17, 19, 67
What are the prime factors of 281620?
2, 5, 14081
What are the prime factors of 12792017?
7, 1827431
List the prime factors of 6095476.
2, 811, 1879
List the prime factors of 1529821.
89, 17189
What are the prime factors of 2398049?
23, 41, 2543
List the prime factors of 917463.
3, 305821
What are the prime factors of 4665419?
11, 424129
List the prime factors of 1014299.
11, 13, 41, 173
What are the prime factors of 446394?
2, 3, 13, 59, 97
List the prime factors of 1990.
2, 5, 199
What are the prime factors of 229641?
3, 41, 1867
What are the prime factors of 5602169?
19, 43, 6857
List the prime factors of 3738046.
2, 13, 109, 1319
What are the prime factors of 21785318?
2, 67, 162577
List the prime factors of 19656.
2, 3, 7, 13
What are the prime factors of 915840?
2, 3, 5, 53
What are the prime factors of 232072?
2, 29009
What are the prime factors of 125297?
107, 1171
List the prime factors of 1655529.
3, 551843
What are the prime factors of 1180843?
23, 51341
What are the prime factors of 2157428?
2, 7, 13, 5927
List the prime factors of 278835.
3, 5, 29, 641
What are the prime factors of 16718265?
3, 5, 37, 3347
What are the prime factors of 104878?
2, 41, 1279
What are the prime factors of 12572776?
2, 29, 54193
List the prime factors of 12755640.
2, 3, 5, 106297
What are the prime factors of 183079?
13, 14083
What are the prime factors of 580621?
19, 30559
What are the prime factors of 8918144?
2, 19, 193
What are the prime factors of 1547297?
151, 10247
What are the prime factors of 5166075?
3, 5, 68881
List the prime factors of 14273844.
2, 3, 13, 91499
List the prime factors of 7527226.
2, 7, 17, 31627
What are the prime factors of 7413?
3, 7, 353
List the prime factors of 1062081.
3, 19, 6211
List the prime factors of 15373428.
2, 3, 7, 397, 461
List the prime factors of 167366.
2, 67, 1249
List the prime factors of 265693.
17, 15629
List the prime factors of 157304.
2, 7, 53
What are the prime factors of 954943?
11, 86813
List the prime factors of 5399506.
2, 7, 17, 463
What are the prime factors of 8448656?
2, 528041
What are the prime factors of 4484239?
4484239
List the prime factors of 358413.
3, 11, 10861
What are the prime factors of 488316?
2, 3, 40693
List the prime factors of 328816.
2, 20551
List the prime factors of 460242.
2, 3, 947
What are the prime factors of 287219?
287219
List the prime factors of 6507397.
13, 29, 41, 421
What are the prime factors of 22533249?
3, 31, 79, 3067
What are the prime factors of 311547?
3, 29, 3581
List the prime factors of 688471.
7, 59, 1667
List the prime factors of 7729327.
7729327
What are the prime factors of 22039?
22039
What are the prime factors of 191886?
2, 3, 31981
List the prime factors of 4584113.
4584113
What are the prime factors of 107100?
2, 3, 5, 7, 17
What are the prime factors of 673812?
2, 3, 17, 367
List the prime factors of 93170.
2, 5, 7, 11
What are the prime factors of 5141326?
2, 2570663
List the prime factors of 826269.
3, 275423
List the prime factors of 552941.
433, 1277
What are the prime factors of 8341896?
2, 3, 347579
List the prime factors of 203787.
3, 22643
List the prime factors of 4664269.
547, 8527
List the prime factors of 32861568.
2, 3, 85577
List the prime factors of 54101.
54101
List the prime factors of 8187616.
2, 331, 773
What are the prime factors of 1330712?
2, 181, 919
What are the prime factors of 2611984?
2, 163249
List the prime factors of 1724978.
2, 29, 29741
List the prime factors of 364291.
364291
List the prime factors of 221585.
5, 7, 13, 487
List the prime factors of 7997811.
3, 613, 4349
What are the prime factors of 763831?
29, 26339
List the prime factors of 809297.
809297
List the prime factors of 347711.
7, 13, 3821
What are the prime factors of 26761696?
2, 13, 23, 2797
What are the prime factors of 67431?
3, 7, 13, 19
List the prime factors of 375736.
2, 67, 701
What are the prime factors of 2131426?
2, 11, 17, 41, 139
What are the prime factors of 637?
7, 13
What are the prime factors of 959368?
2, 119921
List the prime factors of 658561.
29, 22709
List the prime factors of 771642.
2, 3, 163, 263
What are the prime factors of 7847779?
19, 21739
What are the prime factors of 6895505?
5, 37, 37273
What are the prime factors of 3215649?
3, 347, 3089
List the prime factors of 27926705.
5, 911, 6131
List the prime factors of 376099.
376099
What are the prime factors of 106416?
2, 3, 739
List the prime factors of 2207072.
2, 7, 59, 167
List the prime factors of 7846379.
31, 253109
What are the prime factors of 967733?
13, 74441
What are the prime factors of 1218633?
3, 13, 31247
What are the prime factors of 1660358?
2, 7, 233, 509
List the prime factors of 2913001.
7, 13, 17, 269
What are the prime factors of 144714?
2, 3, 89, 271
List the prime factors of 173689.
17, 601
What are the prime factors of 1267211?
11, 115201
What are the prime factors of 22394937?
3, 7464979
List the prime factors of 60923.
60923
List the prime factors of 1635934.
2, 151, 5417
List the prime factors of 576299.
576299
List the prime factors of 619731.
3, 7, 1093
List the prime factors of 2879236.
2, 29, 24821
What are the prime factors of 518826?
2, 3, 7, 11, 1123
List the prime factors of 129915.
3, 5, 2887
List the prime factors of 1552974.
2, 3, 47, 5507
List the prime factors of 143731.
7, 20533
What are the prime factors of 361336?
2, 31, 47
What are the prime factors of 15097457?
19, 353, 2251
What are the prime factors of 3387382?
2, 1693691
What are the prime factors of 1576179?
3, 11, 29, 61
List the prime factors of 4052692.
2, 7, 23, 29, 31
What are the prime factors of 851647?
851647
What are the prime factors of 950109?
3, 316703
What are the prime factors of 4189950?
2, 3, 5, 9311
List the prime factors of 380401.
7, 31, 1753
What are the prime factors of 402114?
2, 3, 29, 2311
List the prime factors of 224638.
2, 17, 6607
List the prime factors of 116414.
2, 58207
What are the prime factors of 14577582?
2, 3, 2429597
What are the prime factors of 1404251?
17, 43, 113
List the prime factors of 4862221.
7, 13, 17, 449
What are the prime factors of 3019607?
37, 81611
List the prime factors of 4169977.
7, 595711
What are the prime factors of 616524?
2, 3, 83, 619
List the prime factors of 153429.
3, 199, 257
What are the prime factors of 5450473?
7, 19, 107, 383
What are the prime factors of 1391038?
2, 11, 53, 1193
List the prime factors of 6117096.
2,